s the tens digit of r?
3
Suppose 0*o - 48 = 4*o. Let b be -21*(-5 - -1)/o. What is the tens digit of 140/(-49)*b/2?
1
Suppose 2*d + 13 + 9 = -2*a, 20 = 5*d. Let l be -4 - 4/((-12)/a). Let m = 24 - l. What is the tens digit of m?
3
Let i = 9 - -1. Let p be (-34)/4 + (-5)/i. What is the units digit of (-8)/(-36) - 268/p?
0
Suppose -17*d - 6 = -20*d. Suppose d*z + 12 = 2*b, 0 = 5*b + z + 4*z. Suppose b*t = t + 76. What is the units digit of t?
8
Let y(k) = 892*k**3 - k**2 + 2*k - 2. What is the units digit of y(1)?
1
Let c(m) = -m**3 - 4*m**2 - m - 2. Suppose -3*l = 11 - 2. Let h be c(l). What is the units digit of -3 + (-4)/(h/62)?
8
Suppose -3*v + 15 = -15. What is the tens digit of 2/v + ((-3876)/(-20) - -1)?
9
Let q be (-69)/(-9) - (-10)/(-15). Let v(o) = 3*o**2 - 57*o + 29. Let a(m) = -m**2 + 19*m - 10. Let x(w) = q*a(w) + 2*v(w). What is the units digit of x(14)?
8
Let u be 32*25/(5 - 0). Let g be (-5 - -1)*1/(-1). Suppose 2*p + 5*j = 99, u = 5*p - g*j - j. What is the tens digit of p?
3
Let n be 135/25 + (-2)/5. Suppose -2*m + 5*v - 8 = 0, n*m - m = -3*v - 42. Let j = 24 + m. What is the tens digit of j?
1
Suppose -328 = -4*b - 4*d - 0*d, -3*d - 410 = -5*b. Let h = 272 - b. What is the hundreds digit of h?
1
Let r(y) = y**2 - 10*y + 11. Let g be r(9). Suppose g*p = 4*p. What is the tens digit of (-1 - p)/(13/(-767))?
5
What is the tens digit of 1175 + -1 + 20/(10 - 5)?
7
Let i = 9 + -20. Let n(d) = d**2 + 9*d + 9. Let q be n(i). Let y = q - 10. What is the tens digit of y?
2
Let l be (-19)/(-7) + 6/21. Suppose -l*z + 390 - 63 = 0. Suppose 13 = -6*k + z. What is the tens digit of k?
1
Let k = 2308 - 966. What is the hundreds digit of k/8 - (-15)/(-20)?
1
Let l(b) = 3*b**2 - 3*b + 2. Let j be l(-5). Let r = 219 - j. What is the tens digit of r/2 - (-9)/6?
6
Let i be 3/(-5) - (-35)/(-25). What is the tens digit of (5 - 27)/(2/i)?
2
Let n(a) = a**3 + 8*a**2 - 3*a + 5. Let b be -6*(1 - 2/(-6)). Let f be n(b). Suppose -6*t + f + 1 = 0. What is the units digit of t?
5
Let r(z) = -z**2 + 7*z + 5. Let p be r(7). Suppose -9 + p = -g. Suppose 4*x + 31 = i, 2*i - g*x - 61 = -i. What is the units digit of i?
5
Let m = -68 - -59. Let i = m - -92. What is the units digit of i?
3
Let i = -29 - -33. Suppose 3*n = i*n - 3. Suppose -3*m = 9, -n*s + 0*m + 66 = -5*m. What is the units digit of s?
7
Suppose 15*q = 1046 + 1174. What is the tens digit of q?
4
Let h be -2 + -2 + (-16)/(-4). Let j(c) = c**3 - c**2 + c + 26. Let p be j(h). Suppose 15 = 3*l - 2*v, -3*l - 8 = -v - p. What is the units digit of l?
7
What is the hundreds digit of -15 - -9 - 1854*(-6)/4?
7
Suppose 4*a = 48 + 36. Let f(c) = -c - 3. Let v be f(-5). Let x = a + v. What is the tens digit of x?
2
Let d(i) = -238*i**3 + i**2 + 4*i + 2. What is the hundreds digit of d(-1)?
2
Suppose 0*c - 3*c + 3348 = t, 2*c + 4*t = 2242. What is the units digit of c?
5
Suppose -r + 7 = -5*c - 12, 2*r = 2*c + 6. What is the units digit of -1 - c - (-56)/(-28)?
1
Let u(k) = -k + 5. Let i be u(7). Let b(q) be the third derivative of -q**6/120 + q**5/30 - q**4/12 - q**3/6 + 3*q**2. What is the tens digit of b(i)?
1
Let x(o) = -2*o**2 + 6*o - 9. Let h be x(6). What is the tens digit of h/(-105) - (2 - (-2150)/(-14))?
5
Let b(g) = -3*g**2 - 20*g - 4. Let m be b(-11). Let v = 322 + m. What is the hundreds digit of v?
1
Suppose 40 = 2*y + y + 4*c, -y = c - 14. Let r = y - -93. What is the hundreds digit of r?
1
Suppose 3*z - 12 = 0, -5*z - 27 + 259 = 2*q. What is the units digit of q?
6
Suppose -14*c + 8*c - 288 = 0. What is the tens digit of (c/(-15))/(4/190)?
5
Let j(o) = 131*o - 2. Let m be j(2). What is the tens digit of m - (0 + -4)/(-2)?
5
Let a = 5129 + -2993. What is the tens digit of a?
3
Let f(h) = -h**2 + 19*h + 22. Let b be f(19). Let r = b + -19. Suppose -r*z = z - 52. What is the units digit of z?
3
Let o(y) = y**3 - 10*y**2 + 17*y - 3. Let n be o(8). Let p(k) = -k**3 + 6*k**2 + k - 13. What is the tens digit of p(n)?
1
Suppose 13*s + 13 = -0. What is the hundreds digit of 107 + s*(4 - 0)?
1
Let v(d) = -3*d**2 + 9*d - 14. Let u be v(4). Let w = 15 + u. Let x = w + 49. What is the units digit of x?
8
Let h = 7 + -4. Suppose -i + 20 = 5*r, r - 4*i - 16 = -h*r. Suppose 4*n + r = 24. What is the units digit of n?
5
Suppose -39*x + 3900 = -29*x. What is the hundreds digit of x?
3
Suppose -5*c = 69 - 4. Let j(a) = 2*a**2 + 19*a + 11. What is the hundreds digit of j(c)?
1
Let r(g) = g**3 + g**2 + 2. Let a be r(3). Let d = a + -13. What is the tens digit of d?
2
Suppose 0 = -f - 1, 2*f = 2*i - 0*f + 298. What is the tens digit of (0 - (-2 - 5/(-2)))*i?
7
Suppose -2*u + 77 + 47 = 0. Let p = 130 - u. Suppose 0 = -5*q + q + p. What is the units digit of q?
7
Let v(d) = -2*d**3 + 3*d**2 + 4*d + 3. Let n(w) = w**3 - 7*w**2 + 7*w + 2. Let i be n(5). Let h = 11 + i. What is the units digit of v(h)?
3
Suppose -2*r - 4*g + 2252 = 0, -4*g + 9*g = 2*r - 2216. What is the tens digit of r?
1
What is the units digit of (-959)/(-21) + -3 - (-14)/(-21)?
2
Let j(b) = 29*b**2 - 25*b - 93. What is the units digit of j(-6)?
1
What is the hundreds digit of (-23)/2*(-13 - -1)?
1
Suppose -15*u + 12*u = 66. Let d = 9 - u. What is the tens digit of d?
3
Suppose 2*s = -4, 0*m - 2*s = 4*m - 556. What is the tens digit of m?
4
Let a(b) = b**3 + 11*b**2 - 12*b - 10. What is the hundreds digit of a(-9)?
2
Let l(c) = 3*c**2 + 4 - 1966*c + 8 + 1957*c. What is the units digit of l(8)?
2
Let b = -3 - -1. What is the units digit of 3 - (b - (-3 - -2))?
4
Suppose -4 = -4*z - 8. Let u be 3*4 - (z + 3). Let j = u - 1. What is the units digit of j?
9
Suppose 2*m + 13 = 3*m. Suppose -17*r = -m*r - 244. What is the tens digit of r?
6
Suppose 4 = 2*w + 4*x, 0 = -4*x - 2 - 2. Suppose 0 = w*v - 4, 6*i - 72 = 5*i - 3*v. What is the units digit of i?
9
Let o be 12 - (17/(-5) + 42/(-70)). Suppose -12*v = -o*v + 100. What is the tens digit of v?
2
Suppose -3*t - 2*s = 354, -2*s = -0*t - 4*t - 458. Let n = t - -120. What is the units digit of n?
4
Suppose 13384 = 3*c + 5*c. What is the thousands digit of c?
1
Let y = 2576 - 1793. What is the tens digit of y?
8
Let h = 4918 - 1467. What is the tens digit of h?
5
Suppose k - 5*j = 93, -4*k - 31*j = -35*j - 340. What is the units digit of k?
3
What is the thousands digit of (34104/48)/(3*1/6)?
1
Let j(c) = c. Let y be j(-3). Let m be (-9)/(y - 0) + 121. Suppose b = h - 2*b - 64, 2*h = 2*b + m. What is the units digit of h?
1
Let a be (-4)/18*3/(-2)*-9. What is the units digit of ((-10)/4)/((-1)/(-6)*a)?
5
Let o(j) = -4*j**3 - 15*j**2 - 19*j - 10. What is the units digit of o(-10)?
0
Let s(r) = -r**2 + 21. Let c be s(0). Let j(v) = -c*v - 1 - 33*v**3 + 8*v + v**2 + 13*v. What is the units digit of j(-1)?
3
Suppose -v + 270 = -3*b - 291, -5*v = -3*b - 2769. What is the tens digit of v?
5
Let k = 291 - 168. What is the units digit of k?
3
Let k(r) = -2*r**2 - 59*r + 14. What is the hundreds digit of k(-24)?
2
Let a(o) = 34*o**2 - 21*o + 16. What is the hundreds digit of a(-11)?
3
Suppose 316 = 21*r - 19*r. Suppose r = 5*v + q - 288, 4*v - 352 = -2*q. What is the units digit of v?
0
What is the hundreds digit of (-14)/((2/21)/(24/(-14)))?
2
Let z(a) = -7*a - 13. What is the hundreds digit of z(-33)?
2
Let f be (-48)/(-4)*3/9. Suppose -f*h + 477 = 5*k, 0 = 8*k - 4*k + 2*h - 384. What is the tens digit of k?
9
Let w(f) = 5*f + 5. Let s(i) = -3*i + 18. Let q be s(-6). Suppose 5*k - 2*k = q. What is the units digit of w(k)?
5
Let s be 382/6 + (-7)/(-21). What is the tens digit of s/(-5)*(-65)/26?
3
Let h(u) = 13*u**2 - 80*u - 34. Let a(j) = -6*j**2 + 40*j + 17. Let n(b) = 9*a(b) + 4*h(b). What is the tens digit of n(18)?
8
Let t(c) = -c**2 - 7*c - 2. Let i be t(-6). Let x(l) be the second derivative of l**4/3 - 5*l**3/6 + 3*l**2/2 + 394*l. What is the tens digit of x(i)?
4
Let l(h) = -2*h - 1. Let x(w) = -4*w - 2. Let r(m) = 5*l(m) - 2*x(m). Let g be r(-2). What is the units digit of ((-2)/4)/(g/(-18))?
3
Suppose -2*a - 10 = -28. Suppose -5*j - 2*o - 5 = o, 3*j + a = -3*o. What is the units digit of j?
2
Let y be (-8)/(-12) + (-197)/3. Let z = y + 139. What is the tens digit of z?
7
Let y(m) = 2*m + 11. Let x be y(6). Suppose -21*u = -x*u + 268. What is the units digit of u?
4
Let q(j) = -j. Suppose 5*f + 325 = 4*o,